{"id":1294,"date":"2025-11-04T12:35:12","date_gmt":"2025-11-04T11:35:12","guid":{"rendered":"https:\/\/gios.gov.pl\/chemizm_gleb\/?page_id=1294"},"modified":"2026-04-15T10:10:35","modified_gmt":"2026-04-15T08:10:35","slug":"metodyka-badan","status":"publish","type":"page","link":"https:\/\/gios.gov.pl\/chemizm_gleb\/metodyka-badan\/","title":{"rendered":"Metodyka bada\u0144"},"content":{"rendered":"\t\t<div data-elementor-type=\"wp-page\" data-elementor-id=\"1294\" class=\"elementor elementor-1294\">\n\t\t\t\t<div class=\"elementor-element elementor-element-1d54da2 e-flex e-con-boxed e-con e-parent\" data-id=\"1d54da2\" data-element_type=\"container\" data-settings=\"{&quot;background_background&quot;:&quot;classic&quot;}\">\n\t\t\t\t\t<div class=\"e-con-inner\">\n\t\t<div class=\"elementor-element elementor-element-6607fc2 e-con-full e-flex e-con e-child\" data-id=\"6607fc2\" data-element_type=\"container\">\n\t\t\t\t<div class=\"elementor-element elementor-element-01ef02f elementor-widget elementor-widget-heading\" data-id=\"01ef02f\" data-element_type=\"widget\" data-widget_type=\"heading.default\">\n\t\t\t\t<div class=\"elementor-widget-container\">\n\t\t\t\t\t<h1 class=\"elementor-heading-title elementor-size-default\">Metodyka bada\u0144<\/h1>\t\t\t\t<\/div>\n\t\t\t\t<\/div>\n\t\t\t\t<\/div>\n\t\t\t\t\t<\/div>\n\t\t\t\t<\/div>\n\t\t<div class=\"elementor-element elementor-element-a217042 e-flex e-con-boxed e-con e-parent\" data-id=\"a217042\" data-element_type=\"container\">\n\t\t\t\t\t<div class=\"e-con-inner\">\n\t\t<div class=\"elementor-element elementor-element-b73ce32 e-con-full e-flex e-con e-child\" data-id=\"b73ce32\" data-element_type=\"container\">\n\t\t\t\t<div class=\"elementor-element elementor-element-edcf0ff elementor-widget elementor-widget-text-editor\" data-id=\"edcf0ff\" data-element_type=\"widget\" data-widget_type=\"text-editor.default\">\n\t\t\t\t<div class=\"elementor-widget-container\">\n\t\t\t\t\t\t\t\t\t<h3>Punkty pomiarowe<\/h3><p>Monitoring chemizmu gleb ornych Polski wykorzystuje sie\u0107 216 punkt\u00f3w pomiarowych zlokalizowanych na gruntach rolnych ca\u0142ego kraju. Reprezentuj\u0105 one u\u017cytki rolnicze o r\u00f3\u017cnym stopniu intensyfikacji produkcji rolnej znajduj\u0105ce si\u0119 w obszarach oddzia\u0142ywania rolniczej i pozarolniczej dzia\u0142alno\u015bci cz\u0142owieka. Punkty monitoringowe odzwierciedlaj\u0105 zr\u00f3\u017cnicowanie warunk\u00f3w glebowych kraju pod wzgl\u0119dem typ\u00f3w i tekstury gleb.<\/p><p>Punkty pomiarowe posiadaj\u0105 sta\u0142e wsp\u00f3\u0142rz\u0119dne geograficzne, ka\u017cdorazowo okre\u015blane za pomoc\u0105 urz\u0105dze\u0144 GPS, co zapewnia precyzyjne pobieranie pr\u00f3bek glebowych w kolejnych edycjach monitoringu, a ponadto pe\u0142n\u0105 dokumentacj\u0119 opisow\u0105 i fotograficzn\u0105. Rozmieszczenie punkt\u00f3w badawczych na terenie kraju nie uleg\u0142o zasadniczym zmianom od 1995 r. Zmiany po\u0142o\u017cenia dokonane w niekt\u00f3rych punktach pomiarowych wynika\u0142y ze zmian u\u017cytkowania ziemi, g\u0142\u00f3wnie ekspansji zabudowy i sieci komunikacyjnej, zalesie\u0144 lub pojawienia si\u0119 nadmiernego zakrzaczenia. Przy zmianie po\u0142o\u017cenia punkt\u00f3w kierowano si\u0119 zasad\u0105, \u017ce nowa lokalizacja musi reprezentowa\u0107 u\u017cytek rolny oraz zbli\u017con\u0105 tekstur\u0119 gleby oraz znajdowa\u0107 si\u0119 w mo\u017cliwie najmniejszej odleg\u0142o\u015bci od punktu wyj\u015bciowego.<\/p><p>Ze wzgl\u0119du na zmiany sposobu u\u017cytkowania terenu lub brak dost\u0119pu do punkt\u00f3w, w 2025 r. w przypadku 18 punkt\u00f3w (nr 35, 83, 123, 147, 155, 157, 177, 209, 243, 247, 303, 353, 361, 369, 375, 405, 435 oraz 439) realizacja bada\u0144 wymaga\u0142a przesuni\u0119cia lokalizacji pobrania pr\u00f3bki glebowej w stosunku do po\u0142o\u017cenia w poprzednich edycjach bada\u0144.<\/p>\t\t\t\t\t\t\t\t<\/div>\n\t\t\t\t<\/div>\n\t\t\t\t<\/div>\n\t\t<div class=\"elementor-element elementor-element-66f9e6f e-con-full e-flex e-con e-child\" data-id=\"66f9e6f\" data-element_type=\"container\">\n\t\t\t\t<div class=\"elementor-element elementor-element-f769b55 elementor-widget elementor-widget-image\" data-id=\"f769b55\" data-element_type=\"widget\" data-widget_type=\"image.default\">\n\t\t\t\t<div class=\"elementor-widget-container\">\n\t\t\t\t\t\t\t\t\t\t\t\t<figure class=\"wp-caption\">\n\t\t\t\t\t\t\t\t\t\t<img fetchpriority=\"high\" decoding=\"async\" width=\"852\" height=\"795\" src=\"https:\/\/gios.gov.pl\/chemizm_gleb\/wp-content\/uploads\/2025\/11\/Rozmieszczenie-216-punktow-pomiarowych.jpg\" class=\"attachment-large size-large wp-image-1508\" alt=\"Rozmieszczenie 216 punkt\u00f3w pomiarowych\" srcset=\"https:\/\/gios.gov.pl\/chemizm_gleb\/wp-content\/uploads\/2025\/11\/Rozmieszczenie-216-punktow-pomiarowych.jpg 852w, https:\/\/gios.gov.pl\/chemizm_gleb\/wp-content\/uploads\/2025\/11\/Rozmieszczenie-216-punktow-pomiarowych-300x280.jpg 300w, https:\/\/gios.gov.pl\/chemizm_gleb\/wp-content\/uploads\/2025\/11\/Rozmieszczenie-216-punktow-pomiarowych-768x717.jpg 768w\" sizes=\"(max-width: 852px) 100vw, 852px\" \/>\t\t\t\t\t\t\t\t\t\t\t<figcaption class=\"widget-image-caption wp-caption-text\">Rozmieszczenie 216 punkt\u00f3w pomiarowych<\/figcaption>\n\t\t\t\t\t\t\t\t\t\t<\/figure>\n\t\t\t\t\t\t\t\t\t<\/div>\n\t\t\t\t<\/div>\n\t\t\t\t<\/div>\n\t\t\t\t\t<\/div>\n\t\t\t\t<\/div>\n\t\t<div class=\"elementor-element elementor-element-79edb4c e-flex e-con-boxed e-con e-parent\" data-id=\"79edb4c\" data-element_type=\"container\">\n\t\t\t\t\t<div class=\"e-con-inner\">\n\t\t<div class=\"elementor-element elementor-element-e9fed1b e-con-full e-flex e-con e-child\" data-id=\"e9fed1b\" data-element_type=\"container\">\n\t\t\t\t<div class=\"elementor-element elementor-element-ce154a2 elementor-widget elementor-widget-text-editor\" data-id=\"ce154a2\" data-element_type=\"widget\" data-widget_type=\"text-editor.default\">\n\t\t\t\t<div class=\"elementor-widget-container\">\n\t\t\t\t\t\t\t\t\t<h3>Metodyka pobierania pr\u00f3bek i badania laboratoryjne<\/h3><p>W ka\u017cdym punkcie pomiarowym z kwadratu o powierzchni 100 m<sup>2<\/sup> pobierano 20 pr\u00f3bek indywidualnych, kt\u00f3re po zmieszaniu stanowi\u0142y pr\u00f3bk\u0119 zbiorcz\u0105. Pr\u00f3bki pobierano za pomoc\u0105 stalowej sondy glebowej z g\u0142\u0119boko\u015bci 0-20 cm.<\/p>\t\t\t\t\t\t\t\t<\/div>\n\t\t\t\t<\/div>\n\t\t\t\t<div class=\"elementor-element elementor-element-0d9f321 elementor-widget elementor-widget-image\" data-id=\"0d9f321\" data-element_type=\"widget\" data-widget_type=\"image.default\">\n\t\t\t\t<div class=\"elementor-widget-container\">\n\t\t\t\t\t\t\t\t\t\t\t\t\t\t\t<img decoding=\"async\" width=\"1024\" height=\"684\" src=\"https:\/\/gios.gov.pl\/chemizm_gleb\/wp-content\/uploads\/2025\/11\/pexels-photo-2280571-2280571-1024x684.jpg\" class=\"attachment-large size-large wp-image-1510\" alt=\"Naukowiec w r\u0119kawiczkach analizuje p\u0142yn\" srcset=\"https:\/\/gios.gov.pl\/chemizm_gleb\/wp-content\/uploads\/2025\/11\/pexels-photo-2280571-2280571-1024x684.jpg 1024w, https:\/\/gios.gov.pl\/chemizm_gleb\/wp-content\/uploads\/2025\/11\/pexels-photo-2280571-2280571-300x200.jpg 300w, https:\/\/gios.gov.pl\/chemizm_gleb\/wp-content\/uploads\/2025\/11\/pexels-photo-2280571-2280571-768x513.jpg 768w, https:\/\/gios.gov.pl\/chemizm_gleb\/wp-content\/uploads\/2025\/11\/pexels-photo-2280571-2280571-1536x1025.jpg 1536w, https:\/\/gios.gov.pl\/chemizm_gleb\/wp-content\/uploads\/2025\/11\/pexels-photo-2280571-2280571-2048x1367.jpg 2048w\" sizes=\"(max-width: 1024px) 100vw, 1024px\" \/>\t\t\t\t\t\t\t\t\t\t\t\t\t\t\t<\/div>\n\t\t\t\t<\/div>\n\t\t\t\t<\/div>\n\t\t<div class=\"elementor-element elementor-element-be3dfc5 e-con-full e-flex e-con e-child\" data-id=\"be3dfc5\" data-element_type=\"container\">\n\t\t\t\t<div class=\"elementor-element elementor-element-415fb07 elementor-widget elementor-widget-text-editor\" data-id=\"415fb07\" data-element_type=\"widget\" data-widget_type=\"text-editor.default\">\n\t\t\t\t<div class=\"elementor-widget-container\">\n\t\t\t\t\t\t\t\t\t<p>W materiale glebowym oznaczono szeroki zakres parametr\u00f3w, w tym:<\/p><ul><li>sk\u0142ad granulometryczny &#8211; metod\u0105 dyfrakcji laserowej,<\/li><li>zawarto\u015b\u0107 substancji organicznej i w\u0119gla metod\u0105 Tiurina,<\/li><li>w\u0119glany \u2013 metod\u0105 Scheiblera,<\/li><li>odczyn w zawiesinie 1M KCl oraz w zawiesinie H2O \u2013 metod\u0105 potencjometryczn\u0105 ,<\/li><li>kwasowo\u015b\u0107 hydrolityczna \u2013 metod\u0105 Kappena,<\/li><li>kwasowo\u015b\u0107 wymienna &#8211; metod\u0105 Daikuhary,<\/li><li>glin wymienny &#8211; metod\u0105 Soko\u0142owa,<\/li><li>fosfor i potas przyswajalny \u2013 metod\u0105 Egnera-Riehma,<\/li><li>magnez przyswajalny \u2013 metod\u0105 Schachtschabela,<\/li><li>siarka przyswajalna \u2013 metod\u0105 Ensmingera,<\/li><li>azot og\u00f3lny \u2013 zmodyfikowan\u0105 metod\u0105 Kjeldahla,<\/li><li>stosunek C:N &#8211; z podzielenia ilo\u015bci w\u0119gla organicznego przez zawarto\u015b\u0107 azotu og\u00f3lnego,<\/li><li>wielopier\u015bcieniowe w\u0119glowodory aromatyczne \u2013 po ekstrakcji metod\u0105 chromatografii gazowej z detekcj\u0105 za pomoc\u0105 spektrometrii mas,<\/li><li>radioaktywno\u015b\u0107 \u2013 metod\u0105 spektrometrii promieniowania gamma;<\/li><li>przewodnictwo elektryczne w\u0142a\u015bciwe i zasolenie \u2013 konduktometrycznie w ekstrakcie wodnym,<\/li><li>kationy wymienne o charakterze zasadowym: Ca, Mg, K i Na, metod\u0105 emisyjnej spektrometrii atomowej i ich suma,<\/li><li>pojemno\u015b\u0107 sorpcyjna gleby &#8211; suma kation\u00f3w zasadowych i kwasowo\u015bci hydrolitycznej,<\/li><li>wysycenie kompleksu sorpcyjnego kationami zasadowymi &#8211; iloraz sumy zawarto\u015bci kation\u00f3w o charakterze zasadowym i pojemno\u015bci sorpcyjnej gleby,<\/li><li>ca\u0142kowita zawarto\u015b\u0107 fosforu &#8211; po mineralizacji gleby w wodzie kr\u00f3lewskiej metod\u0105 spektrometrii mas w plazmie wzbudzonej indukcyjnie (ICP-MS),<\/li><li>ca\u0142kowita zawarto\u015b\u0107 siarki &#8211; po mineralizacji gleby w wodzie kr\u00f3lewskiej metod\u0105 spektroskopii emisyjnej z plazm\u0105 wzbudzon\u0105 indukcyjnie (ICP-OES),<\/li><li>zawarto\u015b\u0107 sodu, potasu, magnezu, wapnia, \u017celaza, manganu, glinu, miedzi, niklu, chromu, cynku, wanadu, kadmu, kobaltu, o\u0142owiu, baru, berylu, lantanu, litu, strontu, molibdenu i cyny &#8211; metod\u0105 spektrometrii mas w plazmie wzbudzonej indukcyjnie (ICP-MS) po mineralizacji gleby wod\u0105 kr\u00f3lewsk\u0105,<\/li><li>zawarto\u015b\u0107 rt\u0119ci \u2013 metod\u0105 termicznego rozk\u0142adu, amalgamacji i detekcji technik\u0105 absorpcyjnej spektrometrii,<\/li><li>zawarto\u015b\u0107 azotu mineralnego (amonowego i azotanowego) &#8211; metod\u0105 ci\u0105g\u0142ej analizy przep\u0142ywowej z detekcj\u0105 spektrofotometryczn\u0105 na analizatorze przep\u0142ywowym po ekstrakcji za pomoc\u0105 1% roztworu K<sub>2<\/sub>SO<sub>4<\/sub>.<\/li><\/ul>\t\t\t\t\t\t\t\t<\/div>\n\t\t\t\t<\/div>\n\t\t\t\t<\/div>\n\t\t\t\t\t<\/div>\n\t\t\t\t<\/div>\n\t\t<div class=\"elementor-element elementor-element-5192f08 e-flex e-con-boxed e-con e-parent\" data-id=\"5192f08\" data-element_type=\"container\">\n\t\t\t\t\t<div class=\"e-con-inner\">\n\t\t\t\t<div class=\"elementor-element elementor-element-37583a4 elementor-widget elementor-widget-shortcode\" data-id=\"37583a4\" data-element_type=\"widget\" data-widget_type=\"shortcode.default\">\n\t\t\t\t<div class=\"elementor-widget-container\">\n\t\t\t\t\t\t\t<div class=\"elementor-shortcode\"><div class=\"supsystic-table-loader spinner\"style=\"background-color:#000000\"><\/div><div id=\"supsystic-table-11_51781\" class=\"supsystic-tables-wrap \" style=\" width:100%; visibility: hidden; \" data-table-width-fixed=\"100%\" data-table-width-mobile=\"100%\" ><table id=\"supsystic-table-11\" class=\"supsystic-table border lightboxImg cell-border\" data-id=\"11\" data-view-id=\"11_51781\" data-title=\"wojewodztwa\" data-currency-format=\"$1,000.00\" data-percent-format=\"10.00%\" data-date-format=\"DD.MM.YYYY\" data-time-format=\"HH:mm\" data-features=\"[&quot;after_table_loaded_script&quot;]\" data-search-value=\"\" data-lightbox-img=\"\" data-head=\"on\" data-head-rows-count=\"1\" data-pagination-length=\"50,100,All\" data-auto-index=\"off\" data-searching-settings=\"{&quot;columnSearchPosition&quot;:&quot;bottom&quot;,&quot;minChars&quot;:&quot;0&quot;}\" data-lang=\"default\" data-override=\"{&quot;emptyTable&quot;:&quot;&quot;,&quot;info&quot;:&quot;&quot;,&quot;infoEmpty&quot;:&quot;&quot;,&quot;infoFiltered&quot;:&quot;&quot;,&quot;lengthMenu&quot;:&quot;&quot;,&quot;search&quot;:&quot;&quot;,&quot;previous&quot;:&quot;&quot;,&quot;next&quot;:&quot;&quot;,&quot;zeroRecords&quot;:&quot;&quot;,&quot;exportLabel&quot;:&quot;&quot;,&quot;file&quot;:&quot;default&quot;}\" data-merged=\"[]\" data-responsive-mode=\"0\" data-from-history=\"0\" ><thead><tr><th data-cell-id=\"A1\" data-x=\"0\" data-y=\"1\" data-db-index=\"1\" class=\"bold htCenter\" data-cell-type=\"text\" data-original-value=\"Wojew\u00f3dztwo\" data-order=\"Wojew\u00f3dztwo\" style=\"min-width:50%; \" >Wojew\u00f3dztwo <\/th><th data-cell-id=\"B1\" data-x=\"1\" data-y=\"1\" data-db-index=\"1\" class=\"bold htCenter\" data-cell-type=\"text\" data-original-value=\"Liczba pr\u00f3bek\" data-order=\"Liczba pr\u00f3bek\" style=\"min-width:50%; \" >Liczba pr\u00f3bek <\/th><\/tr><\/thead><tbody><tr style=\"height:px\" ><td data-cell-id=\"A2\" data-x=\"0\" data-y=\"2\" data-db-index=\"2\" class=\"\" data-cell-type=\"text\" data-original-value=\"dolno\u015bl\u0105skie\" data-order=\"dolno\u015bl\u0105skie\" >dolno\u015bl\u0105skie <\/td><td data-cell-id=\"B2\" data-x=\"1\" data-y=\"2\" data-db-index=\"2\" class=\"\" data-cell-type=\"text\" data-cell-format-type=\"number\" data-original-value=\"20\" data-order=\"20\" >20 <\/td><\/tr><tr style=\"height:px\" ><td data-cell-id=\"A3\" data-x=\"0\" data-y=\"3\" data-db-index=\"3\" class=\"\" data-cell-type=\"text\" data-original-value=\"kujawsko-pomorskie\" data-order=\"kujawsko-pomorskie\" >kujawsko-pomorskie <\/td><td data-cell-id=\"B3\" data-x=\"1\" data-y=\"3\" data-db-index=\"3\" class=\"\" data-cell-type=\"text\" data-cell-format-type=\"number\" data-original-value=\"13\" data-order=\"13\" >13 <\/td><\/tr><tr style=\"height:px\" ><td data-cell-id=\"A4\" data-x=\"0\" data-y=\"4\" data-db-index=\"4\" class=\"\" data-cell-type=\"text\" data-original-value=\"lubelskie\" data-order=\"lubelskie\" >lubelskie <\/td><td data-cell-id=\"B4\" data-x=\"1\" data-y=\"4\" data-db-index=\"4\" class=\"\" data-cell-type=\"text\" data-cell-format-type=\"number\" data-original-value=\"20\" data-order=\"20\" >20 <\/td><\/tr><tr style=\"height:px\" ><td data-cell-id=\"A5\" data-x=\"0\" data-y=\"5\" data-db-index=\"5\" class=\"\" data-cell-type=\"text\" data-original-value=\"lubuskie\" data-order=\"lubuskie\" >lubuskie <\/td><td data-cell-id=\"B5\" data-x=\"1\" data-y=\"5\" data-db-index=\"5\" class=\"\" data-cell-type=\"text\" data-cell-format-type=\"number\" data-original-value=\"11\" data-order=\"11\" >11 <\/td><\/tr><tr style=\"height:px\" ><td data-cell-id=\"A6\" data-x=\"0\" data-y=\"6\" data-db-index=\"6\" class=\"\" data-cell-type=\"text\" data-original-value=\"\u0142\u00f3dzkie\" data-order=\"\u0142\u00f3dzkie\" >\u0142\u00f3dzkie <\/td><td data-cell-id=\"B6\" data-x=\"1\" data-y=\"6\" data-db-index=\"6\" class=\"\" data-cell-type=\"text\" data-cell-format-type=\"number\" data-original-value=\"16\" data-order=\"16\" >16 <\/td><\/tr><tr style=\"height:px\" ><td data-cell-id=\"A7\" data-x=\"0\" data-y=\"7\" data-db-index=\"7\" class=\"\" data-cell-type=\"text\" data-original-value=\"ma\u0142opolskie\" data-order=\"ma\u0142opolskie\" >ma\u0142opolskie <\/td><td data-cell-id=\"B7\" data-x=\"1\" data-y=\"7\" data-db-index=\"7\" class=\"\" data-cell-type=\"text\" data-cell-format-type=\"number\" data-original-value=\"17\" data-order=\"17\" >17 <\/td><\/tr><tr style=\"height:px\" ><td data-cell-id=\"A8\" data-x=\"0\" data-y=\"8\" data-db-index=\"8\" class=\"\" data-cell-type=\"text\" data-original-value=\"mazowieckie\" data-order=\"mazowieckie\" >mazowieckie <\/td><td data-cell-id=\"B8\" data-x=\"1\" data-y=\"8\" data-db-index=\"8\" class=\"\" data-cell-type=\"text\" data-cell-format-type=\"number\" data-original-value=\"20\" data-order=\"20\" >20 <\/td><\/tr><tr style=\"height:px\" ><td data-cell-id=\"A9\" data-x=\"0\" data-y=\"9\" data-db-index=\"9\" class=\"\" data-cell-type=\"text\" data-original-value=\"opolskie\" data-order=\"opolskie\" >opolskie <\/td><td data-cell-id=\"B9\" data-x=\"1\" data-y=\"9\" data-db-index=\"9\" class=\"\" data-cell-type=\"text\" data-cell-format-type=\"number\" data-original-value=\"6\" data-order=\"6\" >6 <\/td><\/tr><tr style=\"height:px\" ><td data-cell-id=\"A10\" data-x=\"0\" data-y=\"10\" data-db-index=\"10\" class=\"\" data-cell-type=\"text\" data-original-value=\"podkarpackie\" data-order=\"podkarpackie\" >podkarpackie <\/td><td data-cell-id=\"B10\" data-x=\"1\" data-y=\"10\" data-db-index=\"10\" class=\"\" data-cell-type=\"text\" data-cell-format-type=\"number\" data-original-value=\"14\" data-order=\"14\" >14 <\/td><\/tr><tr style=\"height:px\" ><td data-cell-id=\"A11\" data-x=\"0\" data-y=\"11\" data-db-index=\"11\" class=\"\" data-cell-type=\"text\" data-original-value=\"podlaskie\" data-order=\"podlaskie\" >podlaskie <\/td><td data-cell-id=\"B11\" data-x=\"1\" data-y=\"11\" data-db-index=\"11\" class=\"\" data-cell-type=\"text\" data-cell-format-type=\"number\" data-original-value=\"6\" data-order=\"6\" >6 <\/td><\/tr><tr style=\"height:px\" ><td data-cell-id=\"A12\" data-x=\"0\" data-y=\"12\" data-db-index=\"12\" class=\"\" data-cell-type=\"text\" data-original-value=\"pomorskie\" data-order=\"pomorskie\" >pomorskie <\/td><td data-cell-id=\"B12\" data-x=\"1\" data-y=\"12\" data-db-index=\"12\" class=\"\" data-cell-type=\"text\" data-cell-format-type=\"number\" data-original-value=\"9\" data-order=\"9\" >9 <\/td><\/tr><tr style=\"height:px\" ><td data-cell-id=\"A13\" data-x=\"0\" data-y=\"13\" data-db-index=\"13\" class=\"\" data-cell-type=\"text\" data-original-value=\"\u015bl\u0105skie\" data-order=\"\u015bl\u0105skie\" >\u015bl\u0105skie <\/td><td data-cell-id=\"B13\" data-x=\"1\" data-y=\"13\" data-db-index=\"13\" class=\"\" data-cell-type=\"text\" data-cell-format-type=\"number\" data-original-value=\"18\" data-order=\"18\" >18 <\/td><\/tr><tr style=\"height:px\" ><td data-cell-id=\"A14\" data-x=\"0\" data-y=\"14\" data-db-index=\"14\" class=\"\" data-cell-type=\"text\" data-original-value=\"\u015bwi\u0119tokrzyskie\" data-order=\"\u015bwi\u0119tokrzyskie\" >\u015bwi\u0119tokrzyskie <\/td><td data-cell-id=\"B14\" data-x=\"1\" data-y=\"14\" data-db-index=\"14\" class=\"\" data-cell-type=\"text\" data-cell-format-type=\"number\" data-original-value=\"9\" data-order=\"9\" >9 <\/td><\/tr><tr style=\"height:px\" ><td data-cell-id=\"A15\" data-x=\"0\" data-y=\"15\" data-db-index=\"15\" class=\"\" data-cell-type=\"text\" data-original-value=\"warmi\u0144sko-mazurskie\" data-order=\"warmi\u0144sko-mazurskie\" >warmi\u0144sko-mazurskie <\/td><td data-cell-id=\"B15\" data-x=\"1\" data-y=\"15\" data-db-index=\"15\" class=\"\" data-cell-type=\"text\" data-cell-format-type=\"number\" data-original-value=\"11\" data-order=\"11\" >11 <\/td><\/tr><tr style=\"height:px\" ><td data-cell-id=\"A16\" data-x=\"0\" data-y=\"16\" data-db-index=\"16\" class=\"\" data-cell-type=\"text\" data-original-value=\"wielkopolskie\" data-order=\"wielkopolskie\" >wielkopolskie <\/td><td data-cell-id=\"B16\" data-x=\"1\" data-y=\"16\" data-db-index=\"16\" class=\"\" data-cell-type=\"text\" data-cell-format-type=\"number\" data-original-value=\"17\" data-order=\"17\" >17 <\/td><\/tr><tr style=\"height:px\" ><td data-cell-id=\"A17\" data-x=\"0\" data-y=\"17\" data-db-index=\"17\" class=\"\" data-cell-type=\"text\" data-original-value=\"zachodniopomorskie\" data-order=\"zachodniopomorskie\" >zachodniopomorskie <\/td><td data-cell-id=\"B17\" data-x=\"1\" data-y=\"17\" data-db-index=\"17\" class=\"\" data-cell-type=\"text\" data-cell-format-type=\"number\" data-original-value=\"9\" data-order=\"9\" >9 <\/td><\/tr><\/tbody><\/table><!-- \/#supsystic-table-11.supsystic-table --><\/div><!-- \/.supsystic-tables-wrap --><!-- Tables Generator by Supsystic --><!-- Version:1.10.46 --><!-- http:\/\/supsystic.com\/ --><a title=\"WordPress Table\" style=\"display:none;\" href=\"https:\/\/supsystic.com\/plugins\/wordpress-data-table-plugin\/?utm_medium=love_link\" target=\"_blank\">WordPress Table<\/a><\/div>\n\t\t\t\t\t\t<\/div>\n\t\t\t\t<\/div>\n\t\t\t\t\t<\/div>\n\t\t\t\t<\/div>\n\t\t\t\t<\/div>\n\t\t","protected":false},"excerpt":{"rendered":"<p>Metodyka bada\u0144 Punkty pomiarowe Monitoring chemizmu gleb ornych Polski wykorzystuje sie\u0107 216 punkt\u00f3w pomiarowych zlokalizowanych na gruntach rolnych ca\u0142ego kraju. Reprezentuj\u0105 one u\u017cytki rolnicze o r\u00f3\u017cnym stopniu intensyfikacji produkcji rolnej znajduj\u0105ce si\u0119 w obszarach oddzia\u0142ywania rolniczej i pozarolniczej dzia\u0142alno\u015bci cz\u0142owieka. Punkty monitoringowe odzwierciedlaj\u0105 zr\u00f3\u017cnicowanie warunk\u00f3w glebowych kraju pod wzgl\u0119dem typ\u00f3w i tekstury gleb. Punkty pomiarowe [&hellip;]<\/p>\n","protected":false},"author":1,"featured_media":0,"parent":0,"menu_order":0,"comment_status":"closed","ping_status":"closed","template":"","meta":{"site-sidebar-layout":"no-sidebar","site-content-layout":"page-builder","ast-site-content-layout":"full-width-container","site-content-style":"default","site-sidebar-style":"default","ast-global-header-display":"","ast-banner-title-visibility":"","ast-main-header-display":"","ast-hfb-above-header-display":"","ast-hfb-below-header-display":"","ast-hfb-mobile-header-display":"","site-post-title":"disabled","ast-breadcrumbs-content":"","ast-featured-img":"disabled","footer-sml-layout":"","theme-transparent-header-meta":"enabled","adv-header-id-meta":"","stick-header-meta":"","header-above-stick-meta":"","header-main-stick-meta":"","header-below-stick-meta":"","astra-migrate-meta-layouts":"set","ast-page-background-enabled":"default","ast-page-background-meta":{"desktop":{"background-color":"","background-image":"","background-repeat":"repeat","background-position":"center center","background-size":"auto","background-attachment":"scroll","background-type":"","background-media":"","overlay-type":"","overlay-color":"","overlay-opacity":"","overlay-gradient":""},"tablet":{"background-color":"","background-image":"","background-repeat":"repeat","background-position":"center center","background-size":"auto","background-attachment":"scroll","background-type":"","background-media":"","overlay-type":"","overlay-color":"","overlay-opacity":"","overlay-gradient":""},"mobile":{"background-color":"","background-image":"","background-repeat":"repeat","background-position":"center center","background-size":"auto","background-attachment":"scroll","background-type":"","background-media":"","overlay-type":"","overlay-color":"","overlay-opacity":"","overlay-gradient":""}},"ast-content-background-meta":{"desktop":{"background-color":"var(--ast-global-color-5)","background-image":"","background-repeat":"repeat","background-position":"center center","background-size":"auto","background-attachment":"scroll","background-type":"","background-media":"","overlay-type":"","overlay-color":"","overlay-opacity":"","overlay-gradient":""},"tablet":{"background-color":"var(--ast-global-color-5)","background-image":"","background-repeat":"repeat","background-position":"center center","background-size":"auto","background-attachment":"scroll","background-type":"","background-media":"","overlay-type":"","overlay-color":"","overlay-opacity":"","overlay-gradient":""},"mobile":{"background-color":"var(--ast-global-color-5)","background-image":"","background-repeat":"repeat","background-position":"center center","background-size":"auto","background-attachment":"scroll","background-type":"","background-media":"","overlay-type":"","overlay-color":"","overlay-opacity":"","overlay-gradient":""}},"footnotes":""},"class_list":["post-1294","page","type-page","status-publish","hentry"],"_links":{"self":[{"href":"https:\/\/gios.gov.pl\/chemizm_gleb\/wp-json\/wp\/v2\/pages\/1294","targetHints":{"allow":["GET"]}}],"collection":[{"href":"https:\/\/gios.gov.pl\/chemizm_gleb\/wp-json\/wp\/v2\/pages"}],"about":[{"href":"https:\/\/gios.gov.pl\/chemizm_gleb\/wp-json\/wp\/v2\/types\/page"}],"author":[{"embeddable":true,"href":"https:\/\/gios.gov.pl\/chemizm_gleb\/wp-json\/wp\/v2\/users\/1"}],"replies":[{"embeddable":true,"href":"https:\/\/gios.gov.pl\/chemizm_gleb\/wp-json\/wp\/v2\/comments?post=1294"}],"version-history":[{"count":28,"href":"https:\/\/gios.gov.pl\/chemizm_gleb\/wp-json\/wp\/v2\/pages\/1294\/revisions"}],"predecessor-version":[{"id":1877,"href":"https:\/\/gios.gov.pl\/chemizm_gleb\/wp-json\/wp\/v2\/pages\/1294\/revisions\/1877"}],"wp:attachment":[{"href":"https:\/\/gios.gov.pl\/chemizm_gleb\/wp-json\/wp\/v2\/media?parent=1294"}],"curies":[{"name":"wp","href":"https:\/\/api.w.org\/{rel}","templated":true}]}}